*t - 4 + 5 = 5*m, -m + 1 = 0. Let p(k) = t*x(k) - 5*v(k). Give p(u).
-2
Let a(t) be the third derivative of -t**6/120 - t**5/12 + t**3/3 + 20*t**2. Let n = -48 - -49. Suppose n = -z + 2*l - 2, -l - 1 = 0. Calculate a(z).
2
Let y(r) = -2*r + 5. Suppose 43 = 4*q - 5*k + 105, 3*q = 2*k - 43. Determine y(q).
31
Let v(x) = -19*x**2 + 10*x - 120. Let b(w) = -3*w**2 + 2*w - 18. Let r(a) = -13*b(a) + 2*v(a). Suppose 0 = t - 3*t + 16. Determine r(t).
10
Let i(w) = 11*w**3 + 14*w**2 - 5*w - 11. Let n(v) = -13*v**3 - 14*v**2 + 6*v + 11. Let g(u) = -7*i(u) - 6*n(u). Calculate g(14).
-3
Let b(x) = -8*x**2 + 11*x + 3*x - 1 - 14*x. Let u = -45 + 58. Suppose 8*l = -5*l - u. Give b(l).
-9
Let b(s) be the third derivative of 67*s - 5/6*s**3 + 2*s**2 + 1/10*s**5 - 1/120*s**6 + 0 + 1/3*s**4. What is b(7)?
2
Let q(t) = -13*t + 81. Let i(b) = -15*b + 98. Let v(a) = 5*i(a) - 6*q(a). What is v(-10)?
-26
Let m(r) = -2*r**2 - 27*r - 101. Let b(q) = q - 16. Let t(w) = 3*b(w) - m(w). Calculate t(-13).
1
Let s(c) = 5*c**2 - 3*c - 2. Let x(w) = 9*w**2 - 7*w - 5. Let b(v) = 2*v**2 - 20*v + 37. Let h be b(7). Let u(o) = h*s(o) + 2*x(o). Calculate u(1).
-6
Let z(w) = 3*w**2 - 2*w + 1. Let b(i) = 2*i**3 - 17*i**2 + 9*i - 14. Let r be b(8). Let q be 2/(r/8 + 1). Suppose 18 = -q*o - o. Determine z(o).
17
Let w(f) = f**3 - 5*f**2 + 4. Let l = -333 + 585. Let t = l - 249. Give w(t).
-14
Let p(f) = 9*f**2 + f + 2. Suppose -24*x = -168 - 48. Let g(l) = 20*l**2 + 3*l + 3. Let b(w) = x*p(w) - 4*g(w). Determine b(2).
4
Let f(q) = q**3 + 6*q**2 + 11*q + 30. Suppose 0 = p + 5, 655*j + 3*p = 654*j - 20. Determine f(j).
0
Let v = -10040 - -10053. Let n(b) = b**2 - 9*b - 3. Calculate n(v).
49
Let h(x) = x**3 + 20*x**2 + 20*x - 1. Suppose -722 = -434*w + 472*w. What is h(w)?
-20
Let u(c) be the second derivative of c**5/20 - 2*c**4/3 + 7*c**3/6 + 5*c**2 + 1115*c. Determine u(7).
10
Let r(w) = 4*w**3 + 19*w**2 - 27*w + 1. Let s(h) = 3*h**3 + 17*h**2 - 23*h + 1. Let d(b) = 4*r(b) - 5*s(b). Suppose z + 16 = 3*z. Give d(z).
-9
Let r(b) = 36*b - 6. Let x be r(1). Let d(l) = x*l + 32*l + 10 - 60*l. What is d(-9)?
-8
Let f(a) = a**3 + 3*a**2 + 12*a + 25. Let k = -15788 + 15785. What is f(k)?
-11
Let t(r) be the first derivative of 16*r**3/3 + r**2 - r - 2537. Give t(2).
67
Let m = 396657 + -225547. Let q(h) = -h**3 + m*h + 10 - 171107*h - 4 - 12*h**2. What is q(-12)?
-30
Let o(b) = 32*b + 965*b**2 + 4 - 981*b**2 - 27*b. Determine o(-1).
-17
Let z(s) = -s**3 + 5*s**2 + s + 1. Let u = -152 - -223. Let v = u + -31. Suppose 36*y = v*y - 20. Determine z(y).
6
Let i(p) = -p**3 + 7*p**2 - 8*p + 4. Let y be i(4). Let v(t) = -2*t**2 + 38*t + 37. Give v(y).
-3
Let g(b) = b**2 + 17*b - 14. Suppose 391 - 67 = -18*m. Let i be g(m). Let c(a) = -a**2 + 3*a + 5. Calculate c(i).
1
Let l = 7451 - 7448. Let u(q) = -4*q**3 + 14*q**2 - 6*q + 4. Calculate u(l).
4
Let h(t) = -2*t + 2*t + 5*t + 2. Let i(p) = 6*p. Let u(b) = -4*h(b) + 3*i(b). Calculate u(-7).
6
Let j = -1194 - -1214. Suppose -4*i = -4*w + 104, 0*i + i = -4*w - 1. Let z = j + i. Let m(s) = 6*s**2 - 1. Calculate m(z).
5
Let x(a) = 2*a**2 + 2*a + 3. Let c(u) = 5*u**2 - 16*u + 41. Let d(t) = c(t) - 2*x(t). Give d(18).
-1
Let l(w) be the third derivative of w**4/6 + 17*w**3/6 - 136*w**2 + 5. Calculate l(-10).
-23
Let l(b) = b**3 + 16*b**2 + 18*b + 54. Let o = -2484 + 2469. Calculate l(o).
9
Let u be 0 - 0 - -1 - 6. Let o(b) be the first derivative of -b**4/4 - 5*b**3/3 - 3*b**2/2 - 10*b + 89850. Calculate o(u).
5
Suppose -44*o - 244 = -728. Let t(a) = 2*a**2 - 24*a - 8. Give t(o).
-30
Let z(r) = -r - 8. Let y(q) be the first derivative of -10*q**3/3 + 3*q**2/2 + q - 259. Let k be y(1). Give z(k).
-2
Suppose -2*v - 3*v = -15. Suppose -u + v*i - 4 = -14, -5*u + 2*i = -50. Let g(c) = -c**2 + 9*c - 3. Give g(u).
-13
Suppose -5*g + 43 = 3*p - 5*p, 5*g + 4*p = 19. Let c(n) = 19*n**3 - 2*n**2 - n - 1. Let o(r) = -16*r**3 + 3*r**2 + 1. Let v(a) = -5*c(a) - 6*o(a). Give v(g).
-15
Let p(k) = 153*k + 7. Let q(m) = -139*m - 9. Let g(y) = 10*p(y) + 11*q(y). Calculate g(-9).
-38
Let y(u) = u**3 - u**2 - 4*u - 3. Let n = -264 + 415. Let v = -153 + n. Determine y(v).
-7
Let h(r) = r + 6. Let x be h(0). Let j(g) = -g - 6*g**2 + 891 + 42910*g**3 - 885 - 42909*g**3. Give j(x).
0
Let b(z) = -2*z**3 + 20*z**2 + 5*z - 22. Suppose 356*p - 392*p = -360. Give b(p).
28
Let k(z) be the third derivative of 0 + 1/8*z**4 + 15*z**2 + 0*z - 17/6*z**3. Calculate k(4).
-5
Let x(d) = -d**2 + d - 3. Let n(y) = -8*y**2 + 14*y - 12. Let r(i) = -n(i) + 4*x(i). What is r(3)?
6
Let m(f) = 45583*f**2 + 0 + 1 + 3 - 64*f - 45573*f**2 + 60*f. Calculate m(-3).
106
Let g(j) = -4*j + 3*j + 2*j. Suppose 0 = -z - 2*s + 17, 4*z + 1473*s = 1470*s + 18. What is g(z)?
-3
Let v(q) = -114*q + 57 + 44*q + 33 + 32*q + 48*q. Calculate v(-9).
0
Let n(h) = -13*h - 64. Let j(l) = 3. Let t(a) = 2*j(a) + n(a). Let x be t(-5). Let d(v) = v**3 - 7*v**2 + 1. Calculate d(x).
1
Let t(k) = 5*k**3 - 33*k**2 + 19*k - 17. Let r(l) = 14*l**3 - 93*l**2 + 54*l - 52. Let n(z) = -4*r(z) + 11*t(z). What is n(9)?
-42
Suppose 14*o - 65 + 23 = 0. Let z(h) = -1 - 7*h**2 - 5 - 19*h**3 + 4*h**2 + o*h + 3 + 17*h**3. What is z(2)?
-25
Let i(s) = -s**3 - 10*s**2 - 6*s + 1. Suppose 6*z + 3 = -o + 5*z, -z + 6 = 0. Calculate i(o).
-26
Let t(m) = -m**3 - 10*m**2 - 9*m + 6. Suppose 25 = 5*b - 5*g, 3*g + 2*g + 4 = -2*b. Let a(n) = 2*n - 5. Let o be a(b). Let r = o + -10. What is t(r)?
6
Let m(n) = 192*n + 173*n - 360*n + 35. Calculate m(-6).
5
Let c(j) be the second derivative of j**7/840 + j**6/180 + j**5/120 + j**4/24 + 29*j**3/3 + 22*j. Let i(q) be the second derivative of c(q). Calculate i(-3).
-11
Let n = -1482 - -1469. Let z(t) be the first derivative of t**2/2 + 14*t - 3. Give z(n).
1
Let d(b) = -8*b + b**3 - 10 + 27*b**2 - 58*b**2 + 25*b**2. Let v be (-19)/(-3) + 38/57. Determine d(v).
-17
Let q(d) be the first derivative of -d**4/4 + d - 5322. Calculate q(4).
-63
Let a(o) = 12*o + 114. Suppose -2*x = -5*r - 45, -21*r + 5*x = -20*r + 9. Determine a(r).
6
Let j be (-1)/(-3) - (-85)/15. Suppose -j*w = -11*w. Suppose w = -0*f - f - 3. Let a(h) = 2*h**2 + 2*h + 3. What is a(f)?
15
Suppose -913 = -2*o - 649. Let h(x) = -9*x**2 - 4*x + 1. Let l be h(-4). Let d = o + l. Let j(a) = -a**2 + 2*a - 5. Give j(d).
-20
Let g be 0 - (-9 + 4) - 2. Suppose 0 = -4*s + 2*j + 26, -1 + 10 = 3*s - 5*j. Let c(d) = 6*d**2 - 4*d + d**g + 0*d**3 - d + s*d. Calculate c(-4).
20
Let b(u) be the first derivative of 7*u**2/2 - 22*u + 574. What is b(10)?
48
Let x(d) = 3*d - 6. Let j(n) = -2*n + 3. Let h(u) = 5*j(u) + 3*x(u). Let z = -5156 + 5156. Give h(z).
-3
Let y = -3626 + 3618. Let p(f) = -f**3 - 9*f**2 - 12*f - 9. What is p(y)?
23
Let o(a) = 0*a + 266*a**2 - 158*a**2 + 4 - 2 - 110*a**2 - 10*a + a**3. Determine o(6).
86
Let k(f) = 5 + 563*f - 1696*f + 562*f + 562*f + f**2 - 2*f**2. What is k(-7)?
19
Suppose -5*r = -3*n - 24, 5*r = -0*r - 4*n + 3. Suppose -10 = -0*x + x - r*p, x = -p + 6. Let l(u) = -3*u + 21*u**2 - 3 + 1 - 22*u**x. What is l(-4)?
-6
Suppose 5*g + 0*g - t = 59, 4*t = 4*g - 44. Let y = g + -11. Let l(b) = 322*b - 6 + 3 + y - 319*b. What is l(5)?
13
Let s(x) = -2*x**2 - 152*x + 627. Let r be s(4). Let w(p) = -p**3 - 13*p**2 + 3*p - 12. Give w(r).
-51
Let v(y) = 5*y**2 - 71*y + 18. Let f be ((-8)/72)/(22/(-2772)). Determine v(f).
4
Let q(a) = 112*a + 1. Let g(t) = t**2 - 289*t + 6839. Let h be g(26). What is q(h)?
113
Let l(b) = 2*b**3 + 11*b**2 + 17*b - 21. Let i be (-1 + (6 - 2))/(-1). Let d(t) = t**3 + 5*t**2 + 9*t - 11. Let r(k) = i*l(k) + 5*d(k). Calculate r(-7).
1
Let h(a) = -7*a**3 - a**2 + a + 2. Suppose 0 = 5*n + 4*b - 22, 17*n = 13*n - 5*b + 23. Determine h(n).
-56
Let u(f) = -3*f - 6. Suppose -3 = p - 0*p. Let n be u(p). Let h(q) = 0 + q + 3*q**2 + 1 + 2*q**3 - 3*q**3 - 5. What is h(n)?
-1
Let h(s) be the third derivative of s**6/120 + 3*s**5/20 + 7*s**4/24 - 5*s**3/6 - 3*s**2 + 686. Suppose -5*a = -0*a - 5. Let m = a - 9. Give h(m).
3
Let z(w) = -w**3 - 10*w**2 + 23*w. Suppose q + q - i = -18, 0 = 2*q - 4*i. What is z(q)?
12
Suppose -4*n - 18 = -3*m + 4*m, -3*n = -2*m - 3. Let r(y) = y**3 - 1147 + 3*y**2 - 5*y**2 + 8*y**2 - y + 1148. Calculate r(m).
7
Let u(g) be the second derivative of -g**5/4 + g**4/6 + g**3/3 + g**2 - 2506*g. Suppose n - 1